37
Let q = -1589 + 2856. Suppose 9*p - q - 1118 = 0. List the prime factors of p.
5, 53
What are the prime factors of ((27/12)/(-3)*129)/((-7)/784)?
2, 3, 7, 43
Suppose -142*z + 147*z - 107650 = 0. Suppose 0 = 13*r - z - 1506. List the prime factors of r.
2, 443
Let i(d) = -d**2 + 153*d + 975. List the prime factors of i(0).
3, 5, 13
Let o be (-247)/(1/6 + 1/(-2)). Suppose -t - 5*z + o = 0, -5*t + 4061 = -z + 434. What are the prime factors of t?
2, 3, 11
Let t = 16626 + -6060. What are the prime factors of t?
2, 3, 587
Suppose 35*v = 25*v + 1750. Let x = v + -19. List the prime factors of x.
2, 3, 13
Let q = 16216 + 47915. List the prime factors of q.
3, 21377
What are the prime factors of 21 + -33 + 15 + (14222 - -2)?
41, 347
Suppose i - 16 = -16. Suppose 12*g + 5976 - 24108 = i. List the prime factors of g.
1511
Suppose l + 858*r - 861*r - 13177 = 0, 2*l = -4*r + 26374. What are the prime factors of l?
13183
Let r(d) = -5*d**3 - 2*d**2 + 6. Let h(u) = 6*u**3 + 2*u**2 + u - 5. Let k(s) = -4*h(s) - 5*r(s). List the prime factors of k(6).
2, 127
Let t = 99 + -141. What are the prime factors of (-6)/(-7)*(-196)/t?
2
Suppose -5 - 31 = -12*o. Suppose 12*x + 3193 = o*i + 11*x, 0 = 5*i + 3*x - 5345. What are the prime factors of i?
2, 13, 41
Let s = -36 + 127. What are the prime factors of 7357/s - (-4)/26?
3
Let p = 2777 - 1233. Let s = p - 930. What are the prime factors of s?
2, 307
List the prime factors of (74172/70)/(212/100 - 2).
2, 5, 883
Let k(j) = 5*j + 27. Let z be k(-5). Suppose -6*x + 5*x + 5*p = -233, 2*x - 466 = z*p. What are the prime factors of x?
233
Let j = -23 - -8. Let t be j/6*3688/(-20). Let a = t - 183. List the prime factors of a.
2, 139
Let c(d) = -35*d**3 - 2*d - 2. Let h be c(-1). Suppose -24 = -2*m - z + h, -3*z - 26 = -m. Let r = m - -50. What are the prime factors of r?
79
List the prime factors of (49756/70)/((-4)/(-60)) - (-7 + 2).
10667
Let u = 722 + -320. What are the prime factors of u?
2, 3, 67
Suppose -271070 = -9*h + 25*o - 27*o, -3*h + 90362 = 2*o. List the prime factors of h.
2, 11, 37
Let x(l) = l**2 - 33*l + 92. Let j be x(30). Suppose 0 = -2*i - 2, 2*q - 3*i - 1133 = j*i. List the prime factors of q.
2, 3, 47
Let t(r) = 5*r**3 + 8*r**2 + 72*r - 2. Let j(f) = -11*f**3 - 15*f**2 - 145*f + 5. Let n(l) = -3*j(l) - 7*t(l). What are the prime factors of n(-6)?
449
Suppose 2*f + 183 = m - 2*m, 4*f = -5*m - 933. Let h = 108 + m. Let s = h + 150. List the prime factors of s.
3, 23
Let w be ((-238)/(-51))/((-14)/6 + 3). Suppose 585 = w*b - 2*b - 5*q, -5*q = -3*b + 361. List the prime factors of b.
2, 7
Suppose -2*s = 5*w, 0 = -4*w + 2*w + 4*s + 24. Let o(x) = -x**3 + 3*x**2 - 10*x + 14. Let a be o(w). List the prime factors of (225/6)/(a - (-13)/6).
3, 5
Suppose 5 = u, 3*x = -x + u + 11. Suppose x*c - 17 = -5. Suppose -3*w - m + c*m + 287 = 0, 378 = 4*w + 2*m. What are the prime factors of w?
5, 19
Suppose 13*j - 144478 - 124765 = 0. List the prime factors of j.
139, 149
What are the prime factors of 3/4 + 6409627/668?
2, 2399
Let p be 4/(-6) - 267710/(-57). List the prime factors of (-1)/(-5) + p/20.
5, 47
Suppose 2*n = -2*n + 2*w + 12, 4 = 4*n + 2*w. Suppose -i = -n*i - 252. Let x = -136 - i. What are the prime factors of x?
2, 29
Let y(h) = -h**3 + 2*h**2 + 6*h + 1. Let m be y(3). Suppose -22 = -m*t - 342. What are the prime factors of ((-2)/(t/76))/((-2)/(-40))?
5, 19
Let h(r) = 20*r - 86. Let q be h(4). List the prime factors of (-6 - q) + 10/(-5) + 370.
2, 23
Let c(m) = 517*m**2 - 7*m + 25. Let s be c(5). Suppose 17*u - s = 889. List the prime factors of u.
2, 7, 29
Let p(b) = -2*b**3 + 3*b**2 + 2*b - 16. Let i be p(-4). Suppose 149*r = i*r - 33. List the prime factors of r/((-220)/104)*-30.
2, 3, 13
Suppose -475 = 4*d - 9*d. Suppose -1823 + 6558 = 115*y - 4695. Suppose 3*j = d + y. What are the prime factors of j?
59
Suppose 13*v = 27*v - 56. Let c be (-74 - -1)/(v/(-8)). Suppose -x = -c + 41. List the prime factors of x.
3, 5, 7
Let r(q) = q**3 + 8*q**2 + 3*q - 26. Let o be r(-7). Let g(y) = 54*y**2 + 4*y - 6. List the prime factors of g(o).
2, 109
Suppose 6*u - 7*u - 5*w = -320, 680 = 2*u + 2*w. List the prime factors of u.
3, 5, 23
Suppose -3*r = -5*f + 1757, f + 2 = -0*f. Let q = 595 + r. List the prime factors of q.
2, 3
What are the prime factors of (259064/(-168) + (-45)/27)*-7?
2, 3, 1801
Suppose -3*z = -2*j - 71 - 27, -3*z + 190 = -4*j. Let l = j - -51. Suppose -3*f + 375 = 4*u, 0*f = -l*u - 3*f + 471. What are the prime factors of u?
2, 3
Suppose 111*i - 10170705 + 2787207 = 0. What are the prime factors of i?
2, 79, 421
Let a(y) = -2*y**3 - 26*y**2 + 28*y + 9. What are the prime factors of a(-21)?
3, 17, 127
Let k(o) = 2417*o**2 - 5*o + 9. What are the prime factors of k(2)?
7, 1381
Suppose -22*r - 3*r - 99 = -3899. What are the prime factors of r?
2, 19
Let u be (-1)/((-996)/248 - -4). Let p = u + -64. List the prime factors of (-4 - p)*79*(-1)/2.
79
Let z(w) = w - 6. Let i be z(16). Let v be (-296520)/27 + i/45. List the prime factors of ((-2)/(-3))/(-2) - v/114.
2, 3
Suppose 0 = 3*n - t - 61018, 11 = t + 3. What are the prime factors of n?
2, 7, 1453
Let o be 6*((-50)/3)/5 - 1. List the prime factors of 760/3 + o/63.
11, 23
Let m(v) = 52*v**2 + 21*v - 48. List the prime factors of m(-14).
2, 5, 197
Let s(w) = 388*w**2 + 8*w + 8. Let d be s(-1). Suppose 6*i - 4*i - d = 0. What are the prime factors of i?
2, 97
Let m = 279 + -275. Suppose m*b - 1408 = 1452. What are the prime factors of b?
5, 11, 13
Let g(y) be the first derivative of -y**2/2 + 115*y + 144. What are the prime factors of g(9)?
2, 53
Let r(a) = 459*a**2 + 18*a + 212. List the prime factors of r(-8).
2, 17, 433
Let i be 1 - -279 - (-8 + 0 - -5). Suppose -u = 4*s + 370, -4*s + 4*u - i = 77. What are the prime factors of (-20)/(-30) + s/(-6)?
2
Let u(v) = v**3 - 9*v**2 - 11*v + 15. Let h be u(10). Suppose -z - h = 3. What are the prime factors of (-500)/(-8) - (-4)/z?
2, 31
Let d be (1 - 15/5)/1. Let z be (13 - 1) + (-1 - d - 2). Suppose 1649 - 76 = z*c. List the prime factors of c.
11, 13
Let d be 16/120 + (-392)/15. Let n = d + 195. What are the prime factors of n?
13
Let d(m) = m**3 + m**2 - m + 55. Let w = 40 + -40. Let z be d(w). Suppose h - f + 2*f = 61, 4*f = -h + z. What are the prime factors of h?
3, 7
Let g = -3 + 7. Let a be 55/33*(g - 1). Suppose -32 = -a*l - 12. What are the prime factors of l?
2
Let o be (7/(-3))/(4/12). Let j be 1*(3 + o - -4). List the prime factors of 16/(-40)*(j - 60).
2, 3
Let m be 5/15*15 - 5. Suppose m*p - 4*p = -3*p. List the prime factors of 72/4 - (0 + 1 + p).
17
Suppose -24 - 22 = -q. Let u = 70 - q. Suppose s - 50 = u. List the prime factors of s.
2, 37
Let q be 419/8 - 9/24. Suppose q*c + 12 = 48*c. Let l(s) = 6*s**2 + 2*s - 1. What are the prime factors of l(c)?
47
Let g(n) = -23*n**3 - 2*n**2 - n - 7. Let b be g(-3). Let u = b + -408. Suppose 4*a - 369 = 3*t, -2*a - t + u = 4*t. List the prime factors of a.
3, 31
Suppose -8 = -z - 2*q, -5*z - 12*q + 9*q + 54 = 0. Suppose 6*m - 162 = -z. What are the prime factors of m?
5
Let l(d) = -d + 14 - 5*d + 25*d**3 - 10*d**2 - 55*d**3 + 13*d**3 + 16*d**3. Let q = -5 - 5. What are the prime factors of l(q)?
2, 37
Let r = 68740 - 46659. What are the prime factors of r?
71, 311
Let y(r) = -11*r**3 + 56*r**2 + 5*r + 9. What are the prime factors of y(-6)?
3, 31, 47
Suppose 0 = -2*p + 3*j - 0*j + 14, 0 = 4*j. Suppose 2*s - p = -1, 4*q + 2*s - 142 = 0. Suppose t - q = 4*v, -5*v = -t - 3*t + 147. List the prime factors of t.
2, 19
Let t(r) = r - 17 + 6 + 2. Let a be t(6). Let y = 55 + a. What are the prime factors of y?
2, 13
Let x(s) = 18*s**2 - 47*s - 99. List the prime factors of x(-23).
2, 13, 101
Let p(n) = n**3 + 15*n**2 + 15*n + 17. Let v be p(-14). Suppose -2*x + v = 2*i + 1, 2*x - 2 = -4*i. List the prime factors of (-1 + x - 4) + 107.
103
Suppose 126042 = 28*l - 90566. Suppose -8*d - 2432 = -l. List the prime factors of d.
3, 13, 17
Let n(y) = 2*y**2 - 25*y + 58. List the prime factors of n(41).
5, 479
What are the prime factors of (-288806)/(-147)*(2 - -1)?
2, 7, 421
Let h = -1249 - -649. Let b = h - -1916. What are the prime factors of b?
2, 7, 47
Suppose 42*o = 1278205 + 850650 - 180181. What are the prime factors of o?
13, 43, 83
Suppose